Give w(q).
-3
Let d(y) = -y + 10 + 62*y**2 - 52*y**2 - 2*y**3 + y**3. Calculate d(10).
0
Let z(o) = o**2 + o + 2. Let w be (-4)/8*(0 - 2). Let j = w + 1. Calculate z(j).
8
Let y(p) = -2*p + 5. Let s(r) = 6*r + 2. Let g(w) = 5*w + 1. Let h(m) = -5*g(m) + 4*s(m). Let t(f) = -5*h(f) + 3*y(f). Give t(-1).
1
Let n(h) = h**2 - 7*h - 561 + 561 + 3*h. Suppose 13 = 4*r - 5*i - 12, 5*i - 15 = -4*r. Calculate n(r).
5
Suppose -4*q = -4*d + 12 - 48, -q - 3*d - 11 = 0. Suppose 4 = q*u - 0*u. Let n(s) be the first derivative of -4*s**3/3 + s**2/2 - s - 4. Give n(u).
-4
Let x(i) = 2*i + 9. Let t be x(-8). Let u(a) = -a + 2. What is u(t)?
9
Let q(k) = -k**2 + 4. Suppose 0 = 2*y + 3*y. Determine q(y).
4
Let c(y) = 0 - 3*y**3 - y**2 - 2*y**3 + 1. Let g(n) = n**2 - 5*n + 4. Let l be g(6). Let x = l + -11. Determine c(x).
5
Let m(c) be the first derivative of c**3/3 + 3*c**2/2 + c + 7. Give m(-2).
-1
Let w(s) = -s**3 - 5*s**2 - 3*s + 1. Suppose 10 = -3*x - 3*i - 5, 0 = -5*x + 3*i - 17. Give w(x).
-3
Let n(g) = g**2 - 5*g - 7. Let c be n(5). Let u = -5 - c. Let z(h) = 10*h**u + 5*h - 3*h - 6*h**2 + h**3. What is z(-4)?
-8
Let t(c) = c**3 - 6*c**2 + 4*c - 6. Suppose 3*s = 2*s + 6. Give t(s).
18
Let n be (12/9)/(2/3). Suppose 5*f + 7 = 3*p - 13, -3*p - n*f = 8. Let t(g) = -g - 2. Give t(p).
-2
Let s(y) be the second derivative of y**4/6 - 5*y**3/6 + 3*y**2/2 + 3*y. What is s(3)?
6
Let v(f) be the first derivative of -f**2 + 9*f + 19. Determine v(8).
-7
Let u(o) = 2*o**2 - 5*o + 3*o**2 - 4*o**2 + 3. Let n(d) = -d - 10. Let s be n(-7). Let f be ((-1)/s)/(5/75). Calculate u(f).
3
Let k(r) = -2*r - 2. Let y be -2 - (-12)/8*2. Let t be 1/1 + 2/(-1). Let h be (y/t*2)/1. Determine k(h).
2
Let t(i) = -i**3 - 6*i**2 - 7*i - 3. Let l(f) = -f**2 + 8*f + 28. Let o be l(11). Determine t(o).
7
Let w(g) = -g**3 - 5*g**2 - 2*g - 4. Suppose -3*o - 4 = -7*o - 5*c, -16 = 2*o - 2*c. What is w(o)?
-12
Suppose 12*b - 9*b - 24 = 0. Let w(r) = -r**3 + 9*r**2 - 9*r + 6. What is w(b)?
-2
Let k(n) be the third derivative of -n**8/10080 - n**7/1008 + n**6/240 - n**5/30 + n**2. Let o(x) be the third derivative of k(x). Determine o(-4).
-9
Suppose -5*z + 3*z - 10 = 0. Let c(m) be the third derivative of -m**5/60 - 5*m**4/24 + m**3/3 - 31*m**2. Determine c(z).
2
Let k(n) be the third derivative of 0*n + 0 - 1/6*n**4 + 4*n**2 + 0*n**3. What is k(2)?
-8
Let j(w) = w + 1 - 4*w**3 - 5*w**2 + 5*w**3 + w. Calculate j(4).
-7
Let m(l) = 3*l - 1. Let p be (-2)/(-6) - (-20)/30. Calculate m(p).
2
Let n(v) = 2*v**3 - 9*v**2 - 3*v - 9. Let j(h) = 3*h**3 - 14*h**2 - 4*h - 14. Let x(c) = -5*j(c) + 7*n(c). Give x(7).
0
Let d(g) = -6*g**2 - g. Let c be (-1)/(-2) - 39/6. Let v be -3*(-1)/c*2. Calculate d(v).
-5
Let x(k) = k - 8*k - 2 + 3 + k**2. Suppose -4*r = 5*c + 32, r - 3*c - 3 = -2*r. Let p = 1 - r. Give x(p).
-11
Let k(i) = 2*i - 1. Suppose 0*h - 3 = -h. Suppose h*v - 9 = 3*o, 4*o = -5*v + 5*o - 5. Determine k(v).
-5
Let m(a) = -a**2 + 8*a - 7. Let x(i) = -i**3 - 16*i**2 - 14*i + 21. Let f be x(-15). Give m(f).
5
Let t(f) = f**3 - 2*f**2 + 3*f - 4. Let b be t(2). Let r(v) be the first derivative of -1/2*v**b - 3/2*v**4 - 1/3*v**3 + 0*v - 3. What is r(-1)?
6
Let m = -8 - -14. Suppose -4*c - 6 - m = 0. Let a(w) = 2*w. Determine a(c).
-6
Let g(n) = -20 - 2*n - 2*n - n**3 + 7 + 12 + 4*n**2. Suppose 1 = -u - 0*u - 4*c, -u = 5*c + 2. Determine g(u).
-4
Let c(j) = -j**2 - 13 + 12 + 3*j**2. Calculate c(2).
7
Let m(b) = b**3 - b**2 + b. Let f be -1 - -1 - 22/(-2). Suppose -4*v + p = -45, -2*p + 7 = 2*v - 3. Let h = f - v. Determine m(h).
1
Let j be (6/(-9) - -2)*27/12. Let v(i) be the second derivative of 0*i**3 + i**2 + 0 - 1/12*i**4 + j*i. Determine v(0).
2
Let c = 10 - 7. Let o(t) = -c*t + 0*t**3 + 1 - t**3 + 5*t**2 - t**2. Calculate o(2).
3
Let u = 35 - 17. Let y = -14 + u. Let z(m) be the second derivative of m**4/12 - 5*m**3/6 + m**2/2 - m. Give z(y).
-3
Let j(g) be the third derivative of g**6/120 - g**5/15 + g**4/6 - 3*g**2. Let m be j(3). Let d(q) = -4 - q**3 - 4*q**2 + 2*q**2 + m*q**2 - 2. Calculate d(0).
-6
Suppose 4*l = l + 3. Let s(b) = -3*b + 4*b + b**2 + 0*b**2 - l. Calculate s(2).
5
Let n(i) = -13*i + 7. Let t(f) = 37*f - 21. Let q(y) = -17*n(y) - 6*t(y). What is q(10)?
-3
Suppose -9 = -5*y - b, -5*y + 5 = 3*b - 2. Let z(m) = y*m - 1 + m**2 - 6*m - 8 + 13. Let a be (-9)/(-2)*4/6. What is z(a)?
1
Let i(b) = 2*b + 2. Let f = -13 - -9. Let t = f - -2. Let s = t + 4. Determine i(s).
6
Let m(f) = f**2 + 9*f + 7. Let t(r) = r**2 - 8*r - 7. Let i be t(8). What is m(i)?
-7
Suppose 0 = -4*m - 0*m + 12. Let f(q) = -5*q + 4. Determine f(m).
-11
Let q(h) be the second derivative of -h**4/12 - h**3/3 - h**2/2 - h. Let s(a) = -a**2 - 2*a - 1. Let i(l) = -4*q(l) + 3*s(l). Give i(-1).
0
Let r = -13 + 18. Let g(x) be the third derivative of x**4/24 - 2*x**3/3 - 16*x**2. Calculate g(r).
1
Let i = -6 + 7. Let l be ((-1)/1)/(i/(-2)). Let k(u) = -2 + u**3 + 4*u + u - 4*u. Determine k(l).
8
Let m(g) = 4*g**3 + 6*g**2 + 3*g + 1. Let s(y) = y**3 + y + 1. Let k(n) = -m(n) + 5*s(n). Give k(4).
-20
Let i(v) be the first derivative of v**2/2 - 5*v - 2. Let h be i(7). Let a(f) = 3*f**2 + 2. What is a(h)?
14
Let c(i) = -1. Let z(q) = q**2 + 3*q + 1. Let l be ((-6)/(-4))/(12/(-16)). Let m(x) = l*c(x) + z(x). What is m(-2)?
1
Let h be (2 + 0)*5/2. Let i(o) be the third derivative of 10*o**2 + 0*o + 1/8*o**4 - 1/120*o**6 + 1/15*o**5 + 0 + 1/3*o**3. Determine i(h).
-8
Let i be -2*(-10)/(-4)*1. Let k(l) = 8*l**2 + 2*l - 1. Let p be k(1). Let q(n) = -2*n + 5*n**2 - 4*n**2 + 6 + p*n. Determine q(i).
-4
Let f(r) be the second derivative of 5*r**3/6 - 5*r**2/2 + 3*r - 8. Give f(-4).
-25
Let h(i) = i**3 + i**2 - 3*i + 3. Let t(b) = b**3 - 2*b + 2. Let w(d) = -4*h(d) + 5*t(d). What is w(4)?
6
Let t(d) = -d**2 - 5*d - 8. Let n be t(-3). Let j(c) = -c**3 - 4*c**2 - c - 2. Give j(n).
-8
Let i be ((-4)/6)/(2/18). Let u be 75/20 - i/(-8). Suppose -u*c + 5*c = -8. Let z(k) = 3*k + 5. Determine z(c).
-7
Let l(j) = -j - 5. Let z = -49 - -49. Calculate l(z).
-5
Let q be 3*1/1 + -4. Let w(y) be the first derivative of -y**4/3 - y**2/2 - y - 1. Let v(i) be the first derivative of w(i). Calculate v(q).
-5
Let o be ((-1)/3 - -1)*3. Suppose -x - o - 2 = 0. Let f(q) = -q**3 - 3*q**2 + 7*q + 6. Determine f(x).
-6
Let z(v) = v**3 - 5*v**2 + 4*v - 6. Let q(n) = n**2 - 6*n - 1. Let y be q(7). Suppose -4*h - 4*m + 58 = 22, 2*m + y = 4*h. What is z(h)?
-6
Let r(j) = -j + 13. Let u(k) = k - 14. Suppose -3*w = 4*c - 15, 5*c + 4*w + 9 = 27. Let o(h) = c*u(h) + 7*r(h). Calculate o(0).
7
Let d(k) = k**2 + 10*k + 18. Let q be d(-8). Let a be (-14)/(-6) - 2/6. Let j(h) = -h - 6*h**a - 4 + 8*h**q + 0*h - h. What is j(3)?
8
Let l(c) be the second derivative of -5/2*c**2 - c**3 - 1/12*c**4 + 0 + c. Determine l(-5).
0
Let v(x) be the first derivative of -1/2*x**2 - 7/24*x**4 + 1/60*x**5 + 0*x + x**3 + 2. Let o(p) be the second derivative of v(p). Calculate o(4).
-6
Let a(t) = -t**3 + 4*t**2 + 5*t + 7. Let r(s) = 13*s + 3. Let x be r(4). Suppose 3*q - 35 = -4*m, -4*m - 10 = 5*q - x. Suppose -q*p + 2*p = -15. Give a(p).
7
Let q = -15 + 12. Suppose d = 2 - 1. Let f(k) = -2*k + 4*k**2 + d + 3 - 5*k**2. What is f(q)?
1
Let r(y) = -150 + y**3 + y**2 + y + 72 + 79. What is r(-1)?
0
Let r = 13 + -18. Let s(c) = 22 - 5*c + 0*c**2 - 27 - c**2. Determine s(r).
-5
Let z(u) = 13*u + 1. Suppose -3*y - w - 2 = -4*y, 2*y - 4*w = 10. Determine z(y).
-12
Suppose 9 = 3*q - 2*q. Let o = q + -9. Let c(a) = a**2 - 6. Give c(o).
-6
Let t = -19 - -22. Let d(k) = -2*k + k - k. Determine d(t).
-6
Let r be 8/(-6)*81/(-18). Let d(c) = -c**3 + 7*c**2 - 5*c - 8. What is d(r)?
-2
Let i(w) = -w**2 - 9*w - 8. Let o = -1 - -4. Let c be 33/(-5) - o/(-5). Calculate i(c).
10
Let z(f) = f**2 + f - 13. Let t be 0/(-2)*(-2 - -1). Calculate z(t).
-13
Let g(v) be the first derivative of 3*v**4/4 - 2*v**3/3 + v**2/2 - 11. Let b = -3 - -4. Calculate g(b).
2
Let f(c) = 2*c - 6. Let j(k) = -20*k + 36. Let w(u) = -13*u + 24. Let i(b) = 5*j(b) - 8*w(b). Let r(o) = -7*f(o) + 3*i(o). Give r(4).
-2
Let o(m) be the second derivative of -m**4/12 + 2*m**3/3 - 3*m**2/2 - 3*m. Suppose -2*y - 2 = -8. Calculate o(y).
0
Let l(d) = 17*d**2 + d + 1. Let f(a) = -a**3 + 9*a**2 - 9*a + 7. Let z be f(8). Determine l(z).
17
Let z(p) 